 to base 6.
101
Convert -42 (base 7) to base 16.
-1e
2 (base 6) to base 9
2
What is -3 (base 5) in base 9?
-3
15 (base 10) to base 3
120
Convert -a (base 15) to base 4.
-22
Convert 10 (base 3) to base 16.
3
Convert -6 (base 14) to base 7.
-6
What is 2 (base 16) in base 6?
2
What is 113 (base 5) in base 3?
1020
What is 6 (base 16) in base 15?
6
10 (base 5) to base 4
11
Convert 1a2 (base 11) to base 7.
452
What is 2 (base 11) in base 5?
2
Convert 0 (base 13) to base 9.
0
What is -73 (base 14) in base 6?
-245
1 (base 4) to base 8
1
What is 15 (base 10) in base 2?
1111
Convert 1 (base 11) to base 14.
1
What is -2 (base 12) in base 4?
-2
Convert -12200 (base 3) to base 14.
-ad
What is 1 (base 14) in base 11?
1
What is -1 (base 15) in base 6?
-1
Convert -6 (base 10) to base 5.
-11
Convert -9 (base 12) to base 7.
-12
What is 1333 (base 4) in base 10?
127
1 (base 6) to base 7
1
What is -10 (base 8) in base 11?
-8
Convert -120 (base 9) to base 5.
-344
Convert -145 (base 13) to base 5.
-1401
Convert 3 (base 13) to base 7.
3
12002 (base 3) to base 10
137
What is -1 (base 8) in base 15?
-1
-102 (base 3) to base 16
-b
What is -2 (base 16) in base 8?
-2
What is 2 (base 6) in base 7?
2
3 (base 6) to base 10
3
446 (base 8) to base 7
600
Convert 10 (base 3) to base 12.
3
Convert 7 (base 10) to base 8.
7
-3 (base 12) to base 16
-3
What is 297 (base 12) in base 16?
193
Convert -60 (base 16) to base 9.
-116
What is -14 (base 5) in base 9?
-10
Convert 28 (base 10) to base 3.
1001
Convert -111 (base 2) to base 9.
-7
Convert -17 (base 11) to base 2.
-10010
-1 (base 15) to base 8
-1
11 (base 4) to base 13
5
0 (base 12) to base 11
0
What is -4 (base 10) in base 7?
-4
-11 (base 7) to base 14
-8
Convert -11 (base 5) to base 16.
-6
Convert -81 (base 13) to base 14.
-77
Convert 233 (base 6) to base 11.
85
2 (base 10) to base 14
2
What is 1011 (base 2) in base 11?
10
Convert c8 (base 14) to base 2.
10110000
32 (base 6) to base 12
18
What is -540 (base 8) in base 11?
-2a0
What is -66 (base 9) in base 16?
-3c
-2 (base 10) to base 15
-2
Convert -11010011 (base 2) to base 12.
-157
What is 115 (base 7) in base 16?
3d
What is -4 (base 8) in base 12?
-4
What is 7a (base 15) in base 6?
311
What is -12 (base 6) in base 15?
-8
-22 (base 4) to base 5
-20
What is 134 (base 7) in base 9?
82
What is 4 (base 14) in base 2?
100
What is -36 (base 8) in base 7?
-42
0 (base 16) to base 10
0
Convert -3 (base 4) to base 9.
-3
-4 (base 15) to base 8
-4
Convert 1d (base 14) to base 5.
102
What is 44 (base 9) in base 8?
50
-11 (base 2) to base 7
-3
What is -b (base 12) in base 6?
-15
What is -7 (base 10) in base 5?
-12
What is 11 (base 13) in base 10?
14
-4 (base 16) to base 5
-4
Convert -2 (base 4) to base 15.
-2
33 (base 10) to base 13
27
16 (base 8) to base 9
15
What is 1 (base 16) in base 4?
1
What is 3 (base 5) in base 12?
3
What is 14 (base 13) in base 9?
18
59 (base 16) to base 15
5e
-a (base 14) to base 3
-101
What is 87 (base 12) in base 9?
124
Convert -1011 (base 3) to base 11.
-29
Convert -3 (base 15) to base 13.
-3
62 (base 13) to base 8
120
2 (base 10) to base 11
2
What is 1111 (base 2) in base 5?
30
What is -202 (base 7) in base 11?
-91
Convert 2b (base 16) to base 9.
47
0 (base 9) to base 7
0
-221 (base 7) to base 4
-1301
-12 (base 14) to base 3
-121
Convert 1 (base 13) to base 12.
1
What is -23 (base 11) in base 14?
-1b
-1 (base 15) to base 5
-1
What is 10101 (base 2) in base 6?
33
-7 (base 10) to base 3
-21
Convert -13 (base 5) to base 12.
-8
What is -32 (base 4) in base 15?
-e
Convert 5 (base 15) to base 8.
5
Convert f2 (base 16) to base 12.
182
111010 (base 2) to base 8
72
-20 (base 3) to base 4
-12
What is 1012 (base 3) in base 4?
200
1 (base 4) to base 5
1
7a (base 16) to base 8
172
Convert 10 (base 4) to base 12.
4
What is 102 (base 9) in base 14?
5d
Convert 1e (base 16) to base 13.
24
33 (base 9) to base 16
1e
-26 (base 7) to base 8
-24
What is 22 (base 3) in base 4?
20
11 (base 6) to base 16
7
-11110 (base 3) to base 14
-88
Convert 21 (base 10) to base 11.
1a
Convert -1 (base 3) to base 10.
-1
a8 (base 12) to base 7
242
What is -10 (base 3) in base 9?
-3
Convert -1011 (base 2) to base 7.
-14
-2 (base 8) to base 5
-2
Convert -7 (base 11) to base 4.
-13
What is -15 (base 9) in base 7?
-20
-8 (base 9) to base 2
-1000
-226 (base 11) to base 8
-416
What is -20 (base 5) in base 14?
-a
What is 111 (base 2) in base 9?
7
What is -10 (base 5) in base 4?
-11
Convert a (base 12) to base 6.
14
What is -41 (base 10) in base 16?
-29
What is 1 (base 9) in base 15?
1
What is 4 (base 13) in base 4?
10
132 (base 6) to base 9
62
-1011100 (base 2) to base 15
-62
Convert -c (base 15) to base 16.
-c
What is 2 (base 6) in base 13?
2
Convert 13 (base 4) to base 6.
11
Convert -3 (base 12) to base 14.
-3
Convert -386 (base 10) to base 4.
-12002
Convert -b3 (base 14) to base 5.
-1112
What is 2d (base 15) in base 7?
61
26 (base 13) to base 16
20
What is 100 (base 5) in base 10?
25
Convert -1000 (base 3) to base 16.
-1b
-a4 (base 15) to base 8
-232
Convert d (base 15) to base 10.
13
0 (base 16) to base 15
0
What is 123 (base 5) in base 16?
26
What is -32 (base 5) in base 6?
-25
b (base 14) to base 13
b
What is -12 (base 14) in base 11?
-15
Convert -172 (base 8) to base 15.
-82
87 (base 11) to base 13
74
Convert cb (base 16) to base 12.
14b
Convert 22 (base 4) to base 14.
a
-b (base 13) to base 9
-12
3 (base 14) to base 9
3
1 (base 10) to base 13
1
0 (base 11) to base 10
0
3 (base 14) to base 3
10
What is -2 (base 12) in base 10?
-2
Convert -2 (base 13) to base 2.
-10
0 (base 15) to base 10
0
What is 1 (base 2) in base 11?
1
Convert -85 (base 16) to base 10.
-133
What is 76 (base 15) in base 4?
1233
-163 (base 10) to base 6
-431
Convert -7 (base 12) to base 2.
-111
12 (base 5) to base 12
7
-20 (base 5) to base 15
-a
Convert -7 (base 11) to base 14.
-7
What is 24 (base 7) in base 6?
30
Convert 12 (base 6) to base 2.
1000
Convert -38 (base 11) to base 4.
-221
What is -1101000 (base 2) in base 3?
-10212
Convert -10 (base 3) to base 14.
-3
What is -3 (base 16) in base 3?
-10
What is 1 (base 10) in base 8?
1
Convert 86 (base 16) to base 4.
2012
Convert 25 (base 9) to base 14.
19
What is -94 (base 13) in base 4?
-1321
What is 0 (base 6) in base 14?
0
What is 2 (base 14) in base 10?
2
What is 46 (base 14) in base 11?
57
What is -24 (base 8) in base 3?
-202
What is 32 (base 16) in base 7?
101
Convert 9 (base 12) to base 11.
9
2 (base 16) to base 7
2
-19 (base 10) to base 12
-17
15 (base 12) to base 10
17
What is 243 (base 5) in base 13?
58
0 (base 5) to base 9
0
Convert 0 (base 8) to base 14.
0
Convert -a (base 11) to base 7.
-13
What is -8 (base 11) in base 3?
-22
What is 7 (base 9) in base 11?
7
What is -1001 (base 2) in base 5?
-14
What is -312 (base 4) in base 9?
-60
Convert -28 (base 12) to base 15.
-22
What is -5 (base 11) in base 2?
-101
Convert 0 (base 9) to base 7.
0
10 (base 14) to base 13
11
What is 3 (base 6) in base 10?
3
1 (base 2) to base 16
1
Convert -10000100 (base 2) to base 14.
-96
What is 0 (base 15) in base 13?
0
Convert 185 (base 10) to base 5.
1220
-3 (base 5) to base 4
-3
2 (base 4) to base 13
2
Convert -21 (base 4) to base 16.
-9
What is -200 (base 3) in base 5?
-33
-7 (base 12) to base 11
-7
Convert -da (base 14) to base 6.
-520
Convert 1000 (base 2) to base 3.
22
Convert 9 (base 12) to base 6.
13
Convert 1 (base 2) to base 12.
1
12 (base 6) to base 4
20
-253 (base 6) to base 8
-151
3 (base 16) to base 2
11
What is 7 (base 14) in base 10?
7
What is 1 (base 3) in base 11?
1
-5 (base 15) to base 16
-5
130 (base 8) to base 12
74
Convert 235 (base 9) to base 4.
3002
-10 (base 10) to base 9
-11
Convert 6 (base 9) to base 12.
6
Convert 77 (base 10) to base 11.
70
What is -b (base 12) in base 15?
-b
What is -59 (base 13) in base 14?
-54
-57 (base 12) to base 13
-52
Convert -6 (base 15) to base 13.
-6
0 (base 15) to base 11
0
What is 8 (base 14) in base 5?
13
What is 106 (base 8) in base 7?
130
Convert 34 (base 6) to base 7.
31
Convert 333 (base 4) to base 6.
143
-15 (base 10) to base 5
-30
What is 5 (base 14) in base 8?
5
38 (base 13) to base 10
47
120 (base 9) to base 13
78
3 (base 8) to base 9
3
What is -158 (base 14) in base 8?
-422
-121 (base 5) to base 8
-44
11 (base 15) to base 16
